b(3). Let f be l(g). Determine z(f).
-3
Let o(k) be the second derivative of k**4/12 + 11*k**3/6 - 65*k**2/2 - 698*k. Calculate o(-15).
-5
Suppose -2 = -8*z - 26. Let i be 15*(0 - (-8 - z)). Let a(u) = -i*u**2 + 4 - 6*u + 39*u**2 + 37*u**2. Give a(4).
-4
Let m(o) = -o**2 + 8*o - 12. Suppose 102*r + 6 = 104*r, 3*q - r = 24. What is m(q)?
-21
Suppose 0 = -84*n + 83*n + 2*w, -n + 15 = 3*w. Let u(j) = -4*j + 21. Give u(n).
-3
Let b(i) = -26*i + 9*i - 18923 + 18933. What is b(4)?
-58
Let h(d) be the first derivative of -2*d**3/3 + 12*d**2 - 23*d - 808. Determine h(12).
-23
Let v(a) = -4 + 29*a**2 - a**3 + 4*a + 26*a**2 - 8*a**2 - 45*a**2. Suppose -y - 3*z = 21, 2*z + 3*z - 31 = 2*y. Let w be 75/27 - 4/y. Determine v(w).
-1
Let m be 525/18 + 5/(-30). Let t(a) = -a**3 + 24*a**2 + 7*a**2 - 4 + 5*a - m*a**2. Calculate t(4).
-16
Let l(y) = 3*y**2 - 3*y + 6. Let j(n) be the third derivative of n**5/6 - n**4/3 + 10*n**3/3 + 71*n**2. Let q(d) = 2*j(d) - 7*l(d). Calculate q(5).
-2
Let u(k) = k**3 + k**2 + 2*k + 3. Let x = 245 - 243. Suppose -x*o - 6 = -2*b, -3*o - 25 = 5*b - 0*o. Determine u(b).
-5
Let k(v) = v**3 + 5*v**2 - 4*v + 7. Let d(h) = 5*h**2 + 5*h - 3. Let s be d(-2). Suppose s = p - 21. Suppose -26*c + p*c = -12. Calculate k(c).
-5
Suppose 3*l - 3*b + 21 = -0*b, -4*b - 2 = l. Let c(t) = -12*t + 61*t - t**2 - 2 + 3*t**2 - 18*t - 13*t - 11*t. Give c(l).
28
Let b = 506 + -508. Let f be 2*(b/(-4))/((-2)/14). Let s(p) = p**2 + 13*p + 9. Determine s(f).
-33
Let k(m) = m - 8. Let f = 142 + -102. Let q = 44 - f. Calculate k(q).
-4
Let l(d) = 5*d**3 + 3*d**2 + 68*d - 20. Let u(v) = 2*v**3 + v**2 + 33*v - 9. Let c(n) = 3*l(n) - 7*u(n). Calculate c(0).
3
Let f(q) = 3 - 374254*q**2 - 8*q + 374253*q**2 + 4*q. Suppose -3*b + 0*b - 45 = 4*d, 0 = 4*d + 5*b + 43. Let m = 8 + d. Calculate f(m).
3
Let a(w) be the first derivative of w**5/20 + w**2/2 - 63*w - 66. Let f(c) be the first derivative of a(c). Let v = 8 + -9. Calculate f(v).
0
Let p(r) = -r**2 - 15. Let u be p(-6). Let g = u - -46. Let o(v) = -v - 6. Let f(n) = -2*n - 12. Let s(j) = 3*f(j) - 5*o(j). What is s(g)?
-1
Let u(i) = 29. Let q(m) = 25. Let j(o) = 7*q(o) - 6*u(o). Let n(t) = 10*t - 3. Let f(w) = 2*j(w) + n(w). What is f(-2)?
-21
Suppose 0 = -4*s + 8*s - g - 15, -5*g + 21 = 4*s. Suppose 7 = -5*v - s*b, 4*v = -0*v + 4*b + 16. Let n(m) = 18*m**2 - m + 1. Give n(v).
18
Let a be 1/2 - (((-350)/(-28) - 0) + -2). Let r(y) = y**2 + 18*y + 83. Give r(a).
3
Let d(f) = -5*f + 25. Let u(s) = s**3 - 10*s**2 + 41*s - 405. Let n be u(10). Determine d(n).
0
Let z(w) = -14*w - 6. Let t(s) = 2*s + 1. Suppose -3*i + f + 1 = 0, -5*f = i + 23 - 2. Let j(d) = i*z(d) - 8*t(d). Suppose -r - 4 = -1. What is j(r)?
4
Let n(m) = -58*m + 33 - 110*m - 66*m + 220*m. Determine n(3).
-9
Let o(a) = -3*a**2 - 14*a - 93. Let b(n) = -14*n**2 - 52*n - 372. Let r(p) = 4*b(p) - 18*o(p). Give r(26).
-22
Let x(j) = 15*j + 9. Let g(d) be the first derivative of d**2/2 + d + 46. Let u(i) = 9*g(i) - x(i). What is u(2)?
-12
Suppose -6547*w + 6554*w = -84. Let b(n) = -n**3 - 11*n**2 + 14*n + 28. Calculate b(w).
4
Let d(o) = 2 - 2 - 504*o + 1004*o - 508*o. Let m be 45/(-18)*(-2)/5. Give d(m).
-8
Let i(u) = -u**3 + 11*u**2 + 13*u - 10. Suppose -3*h = -4*x + 6, 4 = 3*h - 5*x + 13. Suppose 3*z = 9, l - h*z + 0*z = 6. Determine i(l).
2
Let v(o) be the third derivative of o**4/4 + o**3/2 - 5*o**2 - 56. Determine v(0).
3
Let w(v) = -24024*v**2 + 5*v - 8 - v**3 - 2*v - 24028*v**2 - 2*v + 48046*v**2. Suppose 4*u = 3*x + 2 + 1, -4*u = -4*x. Let k be 24/(-2)*x/6. Calculate w(k).
-14
Suppose 0 = -8*v - 43 + 27. Let j be ((-296)/(-407))/(v/(-11)). Let k(g) = g + 6*g - 4*g - 2. Determine k(j).
10
Let z(o) be the second derivative of 0 + 13/2*o**2 - 1/3*o**4 - 1/60*o**5 + 44*o - 4/3*o**3. Let a(m) be the first derivative of z(m). Calculate a(-8).
-8
Let f(k) = 19*k**2 - k. Let n(y) = 28*y**2 - 2*y. Let h(g) = 8*f(g) - 5*n(g). Let o be h(-2). Let l = o - 44. Let b(t) = t**2 - t. Calculate b(l).
0
Let o be -4*(-1 + 2 + 0) + -5. Let i(m) = -7*m + 21. Determine i(o).
84
Let c = 367 + -359. Suppose c*p - 7*p = -3*p. Let h(f) = -f**3 - f + 38. Calculate h(p).
38
Let f(o) = -4*o + 2*o + 6 + 8*o**2 - 13*o**2 - 4*o + 6*o**2. What is f(5)?
1
Let k(y) = 3*y**3 - 8*y**2 + 5*y + 4. Let z(o) = -5*o**3 + 17*o**2 - 9*o - 8. Let u be (56/12)/(6/(-9)). Let n(g) = u*k(g) - 4*z(g). Calculate n(-12).
-8
Let k(r) = -r**2 - 8*r. Let f be (12/60)/(6/(-510)). Let q be (-35)/(-70) + f/2. Calculate k(q).
0
Let d(x) be the second derivative of x**5/60 - x**4/12 - x**3/2 + x**2 + 4*x. Let w(f) be the first derivative of d(f). Let j = -465 + 463. Calculate w(j).
5
Suppose 3*c + 0*c = -9. Let z(a) be the first derivative of -4*a**2 + 2*a + 15934. What is z(c)?
26
Let d(c) be the first derivative of 0*c**3 + 235 + 0*c - 1/2*c**2 + 7/4*c**4. Let f be 1 - 0/(-1*2). Calculate d(f).
6
Let l(a) = -a**2 - 5*a + 3. Let g be l(-3). Let f(v) = 4111 + 10*v - 8263 + 4*v**2 - 5*v**2 + 4161. What is f(g)?
18
Suppose 44*q = 60*q - 48. Let g(z) = -6*z**2 - q*z + 81*z**3 + 3*z - 82*z**3 + 0*z - z + 1. Give g(-5).
-19
Let a(f) = -2*f**2 + 3*f - 3. Let d = 12 - 10. Let u(o) = 5*o - 8. Let r be u(d). Suppose -r*i + 13 = 9. What is a(i)?
-5
Let r(p) = p**2 + 52*p + 511. Let o be r(-13). Let w(a) be the third derivative of 0*a + 7*a**2 + 1/2*a**3 + 0 - 1/8*a**o. Give w(3).
-6
Let m(q) = -q**3 + 5*q**2 - 2*q + 4. Let k(v) be the first derivative of v**3/3 - v**2 + 5*v + 53. Let b be k(2). Give m(b).
-6
Let p(m) be the first derivative of -m**5/60 - 5*m**4/24 + m**3/2 + m**2/2 - 78*m + 136. Let c(t) be the second derivative of p(t). Determine c(-3).
9
Let w(c) = c**2 - 12*c - 86. Let z = 39053 - 39059. What is w(z)?
22
Let p(z) = 12*z**2 + 28*z + 23*z - 2 - 65*z**3 + 67*z**3 - 34*z. Determine p(-4).
-6
Let u(j) be the first derivative of j**4/4 + 5*j**3/3 + 3*j**2 + 2*j + 40. Suppose -t + 4*h - 9 = 3, 3*t + 4*h + 4 = 0. Give u(t).
-6
Let o(n) = -8*n**2 + 7*n + 104. Let a(j) = -9*j**2 + 6*j + 114. Let m(i) = 7*a(i) - 8*o(i). Determine m(16).
-2
Let x be (1/(-2))/((-13)/26). Let f(r) be the first derivative of 1/2*r**2 + 4 + 0*r. What is f(x)?
1
Let n(i) = 85*i - 763. Let t be n(9). Let l(m) = -10*m + 13. Calculate l(t).
-7
Let d(a) = 3*a - 3. Let h be d(1). Suppose 3 = -c - h*c. Let i(k) = 15*k**2 - 36*k**2 + 4 + k + 20*k**2. What is i(c)?
-8
Let q = -5 + 7. Let p(w) = -4*w**q + 2 - 2 - w**3. Let i = -3984 + 3981. Calculate p(i).
-9
Let w(d) = -d**2 + 7*d - 3. Suppose -b + 3*i = -2*i, 5*i = 2*b - 15. Suppose -57 = -18*y + b. Suppose -5*o + 19 = -3*v, -3*o = -6*o + y*v + 7. Calculate w(o).
7
Let p(y) be the third derivative of 7/24*y**4 - 78*y**2 + 1/120*y**6 + 7/60*y**5 + 0*y**3 + 0*y + 0. What is p(-6)?
-6
Let m(r) = 16*r - 15*r - 1 + 38*r**3 - 2*r**2 - 27*r**3. Give m(1).
9
Let a(o) = -o**2 - 5*o - 2. Suppose 0 = k + 4*h - 21, -h - h = -8. Suppose -8 = 7*z - k*z. Determine a(z).
2
Let r(y) = y + 1. Let d(s) be the third derivative of 8*s**3/3 + 2*s**2. Let z(q) = -d(q) + r(q). Let a = -248 + 258. Calculate z(a).
-5
Let i(f) be the second derivative of -f - 1/12*f**4 + 2*f**2 - 12 - 2/3*f**3. Determine i(-3).
7
Let c(s) be the first derivative of -5*s**3/6 - s**2/2 + 172*s - 51. Let r(i) be the first derivative of c(i). Give r(-4).
19
Let q(b) = -b**2 + 4*b - 3. Suppose 5*t + 2*d - 17 = 0, -5*d = -4*t + 503 - 463. Give q(t).
-8
Let t = 1296 + -1284. Let w(h) = h**2 - 10*h - 9. Give w(t).
15
Suppose 0 = -4*s + 5*g + 20, 2*g + 15 = 7. Let m(b) = 21 + 15 - 42 - b - b**3. Calculate m(s).
-6
Let b = -7932 + 7935. Let o(r) = -r + 1. What is o(b)?
-2
Suppose -2*i + 6 = 8. Let c(l) = 19*l - 12. Let o(y) = -2*y + 2. Let g(j) = c(j) + 6*o(j). Determine g(i).
-7
Let q(d) = d**3 - 58*d**2 - 9*d + 513. Let o be q(58). Let r(p) = -p**3 - 10*p**2 - 3*p + 18. Calculate r(o).
-36
Let d(x) = -31*x**3 - 14*x**2 - 34*x + 17. Let o(y) = -11*y**3 - 5*y**2 - 12*y + 6. Suppose -229 = -13*t - 8. Let s(h) = t*o(h) - 6*d(h). Determine s(-1).
0
Let m(c) = -11*c - 1. Let x(k) = -k**3 + 3*k**2 + 4*k + 1. Let l(o) = -o**3 + 4*o**2 + 5*o + 1. Let r(p) = 2*l(p) - 3*x(p). Let a be r(0). Determine m(a).
10
Let f(p) be the first derivative of -5*p**3/3 - 11*p**2/2 - 3*p + 3203. Give f(-3).
-15
Let d(o) = 6*o**3 + 9*o**2 + 13*o + 16. Let s(v)